= -8*c(w) + 7*y(w). Calculate j(-8).
17
Let s(z) = -4 + 6 + 3 + 4 - 3*z. Let q = 17 - 11. Give s(q).
-9
Let l = 20 - 11. Let i be (l/((-36)/(-40)))/1. Suppose -2*n + 4 - i = 0. Let d(g) = 4*g - 3. Give d(n).
-15
Let x(m) be the third derivative of 1/8*m**4 + 0 + 39*m**2 + 0*m - 1/15*m**5 + 1/60*m**6 + 0*m**3. Give x(2).
6
Let s(a) = a**2 + 27*a - 243. Let m be s(7). Let u(n) = -3*n**3 - 4*n**2 + 2*n**3 + 0*n**2 - 1 + 5*n. Give u(m).
-1
Suppose 1 + 11 = -2*v. Let f(t) be the third derivative of -t**5/60 - 5*t**4/24 + 5*t**3/6 + 5*t**2 + 5. What is f(v)?
-1
Let c(z) = 5*z - 61. Let o be c(13). Let n(l) = -11*l**2 - o*l**2 - 2*l**3 + l**3 + 20*l**2 - 1. Let r be (-10)/(-2) - (-1 - -1). Give n(r).
-1
Let s(v) = v**3 - 7*v**2 - 2*v + 5. Suppose r - 175 = -4*r. Suppose -12*y + 7*y = -r. What is s(y)?
-9
Let t(j) = -2*j + 1 + 2 + 2. Let u(i) = -22 - 4*i**2 + 6*i + 4*i**2 + i**2. Let k be u(-9). Give t(k).
-5
Suppose 0 = -5*s + 19 + 16. Suppose -4*n + 5 = -s. Let y(v) = 4*v + 2 - 4 - n*v. Determine y(4).
2
Let o(u) = -u - 14. Let x = 47 - 54. Determine o(x).
-7
Let g(o) be the second derivative of o**3/3 + o**2 - 27*o + 3. Calculate g(4).
10
Let h be 9/(-4)*(-24)/(-6). Let a be (-2)/(-6) + (-6)/h. Let w(j) be the first derivative of -9*j**4/4 + j**3/3 - 5. What is w(a)?
-8
Let v(h) = h - 46. Let d be (-10)/(-16) + (-210)/336. Determine v(d).
-46
Let b(f) = f**3 + 3*f**2 - 2*f - 2. Let k be 18/(-135)*-5*(-7 + 1). Give b(k).
-10
Let m(s) be the second derivative of s**3/3 + s**2 - 45*s. Give m(-2).
-2
Let k(q) = 2*q - 7. Let t(f) = f**2 + 7*f - 24. Let g be t(2). Calculate k(g).
-19
Let o(z) = -4 + 5*z**2 + 1 - 6*z**2 - 4. What is o(0)?
-7
Let v(h) = -2*h - 2. Let o = -90 + 50. Let f be (-3)/4 - (-90)/o. Calculate v(f).
4
Let a(y) = y**3 + 9*y**2 + 11. Let g be (-1782)/(-495)*5/(-2). Give a(g).
11
Let t(v) be the second derivative of v**3/2 + v**2/2 + v + 8. Give t(1).
4
Let c(z) = -z**3 - 6*z**2 + 8*z - 1. Let i(r) = 3*r**3 + 18*r**2 - 25*r + 4. Let w(d) = -7*c(d) - 2*i(d). What is w(-6)?
35
Let t be 16 - 6/((-24)/(-20)). Let z(k) = -2*k**2 + 23*k - 13. Calculate z(t).
-2
Let z(b) = -b**3 + 6*b**2 - 6*b - 2. Let p(q) = 11*q**2 - 7*q + 1. Let v be p(1). Determine z(v).
-7
Suppose 2*m = -m + 15. Let q be -2*m + (-4 - -1). Let r = 14 + q. Let g(k) = -7*k**2 + 1. Determine g(r).
-6
Let f(x) = -15*x**3 - 10*x**3 - 5 + 3*x + 26*x**3 + 4*x**2. What is f(-4)?
-17
Suppose 4*f = 2*x + 42, -4*f - 2*x + 1 + 29 = 0. Let s(p) = p**2 - 9*p + 9. Calculate s(f).
9
Let n(i) be the first derivative of i**3/3 - i**2/2 + 2*i + 14. Determine n(3).
8
Let r = -6 - -10. Let q(k) = -12*k - 11 + r + 2 + 4. What is q(1)?
-13
Let z(m) = -3 + 1 - 1 - 4*m. Let b = 279 - 287. Let n(p) = 11*p + 9. Let g(f) = b*z(f) - 3*n(f). Give g(-2).
-1
Let p(d) = -13*d. Let c(k) = k**3 - 50*k**2 + 2*k - 99. Let y be c(50). Calculate p(y).
-13
Let m(d) = d**3 + 8*d**2 - 6*d + 2. Let b = -200 - -192. Give m(b).
50
Let m = -45 + 4. Let i = 35 + m. Let p(q) = q. Give p(i).
-6
Let p(w) = 13*w + 28. Let o(z) = 11*z + 25. Let t(g) = -6*o(g) + 5*p(g). Calculate t(-12).
2
Let f be (-40)/30 - 31/(-3). Let g(t) = 15*t + 6. Let a(y) = 7*y + 3. Let m(l) = f*a(l) - 4*g(l). Give m(-6).
-15
Let r(d) be the first derivative of -d**5/60 - d**4/6 + d**3/6 + 5*d**2/2 + 12. Let p(f) be the second derivative of r(f). Calculate p(-3).
4
Let x(a) = -a**2 + 10*a - 2. Let n(t) = 2*t**2 - 6. Let d be n(5). Suppose -2*w - 24 = -d. Determine x(w).
-2
Let w(g) = 4*g - 3. Let y(j) = -12*j + 8. Let f be 1/(-2)*22 - -3. Let s(l) = f*w(l) - 3*y(l). Determine s(-1).
-4
Let q(t) = 0 + t + 0*t + 2. Let r = 465 - 458. Determine q(r).
9
Let m(q) = q**3 + 5*q**2 + 2*q + 3. Let r(d) = d**2 + 9*d - 117. Let l be r(-16). Calculate m(l).
-7
Let f = -49 - -52. Suppose 0 = -f*o + 19 - 22. Let v(s) be the first derivative of -2*s**2 - s - 1. What is v(o)?
3
Suppose -50 = -4*x - x. Let m be (12 + -8 - 37)*2/(-6). Suppose -3*z + m = -x. Let c(i) = i**2 - 7*i + 2. Calculate c(z).
2
Let b(h) = 6 - h - 176*h**2 + 10*h + 174*h**2. Determine b(7).
-29
Let h(l) be the first derivative of -l**4/4 + 2*l - 53. What is h(-3)?
29
Let s(r) be the first derivative of 2*r**2 - 4*r - 55. Calculate s(-3).
-16
Let o(b) = -b**2 + 10*b + 27. Let t be o(-2). Let p(r) be the first derivative of 1/3*r**t + 1/2*r**2 - r + 1. What is p(2)?
5
Let n be (9/15)/((-45)/450). Let f(p) = p**3 + 7*p**2 + 9*p + 24. Determine f(n).
6
Let y(k) = 10*k + 6. Let z(v) = -36*v - 21. Let h(m) = 11*y(m) + 3*z(m). Calculate h(-14).
-25
Let n be (-1)/1 - (-5 + 2). Let k(u) = 2*u**2 - 3*u. Let v be k(n). Let i(g) = -2*g - 2*g**2 + 2*g**v + 1 - 2*g**2 + 3*g. Calculate i(2).
-5
Let i(p) be the third derivative of -p**4/6 - 5*p**3/6 + 30*p**2. Give i(-4).
11
Let d(z) = -44 - 39 + 159 + z**3 + z - z**2 - 52. Determine d(0).
24
Let a(o) = 4*o - 9. Let t(v) be the third derivative of 11/24*v**4 + 0*v + 2*v**2 + 0 - 13/3*v**3. Let k(u) = -17*a(u) + 6*t(u). Calculate k(-4).
5
Let s(j) be the third derivative of -j**4/8 - 2*j**3/3 + 101*j**2. Determine s(3).
-13
Suppose 0 = 5*k + 3 + 2. Let b be -3*(-2)/6*k. Let o(j) = 15*j + 1 - 6*j - 12*j + 0. Give o(b).
4
Let b = -3 + 6. Let u(z) = -b*z - z + 2*z + 7*z**2 + 1. Let g be (-2)/(-4)*-2*(0 - 1). What is u(g)?
6
Let j(f) = f**2 - 12*f + 21. Suppose -678*l + 8 = -677*l. Give j(l).
-11
Let u(v) = 5 - 5 + 6*v + 5. Let d(t) = 5*t + 16. Let p(r) = -r - 3. Let c(n) = 6*d(n) + 33*p(n). Let q(k) = 7*c(k) + 3*u(k). Give q(-4).
6
Suppose 1 = -3*h + 4*w + 5, -2*h + 2*w = -2. Let o(c) be the first derivative of -7*c + 0*c**2 + 2 - 1/3*c**3. What is o(h)?
-7
Let d(t) = 2*t + 8. Let h = -18 - -12. Let v(p) = 2*p + 8. Let b(i) = h*d(i) + 5*v(i). Let g(j) = 13*j**2 + 41*j. Let u be g(-3). Give b(u).
4
Let k(w) = -w**3 + 3*w**2 - 2*w - 1. Let s be (2/(-6))/(41/(-369)). What is k(s)?
-7
Suppose 3 + 3 = -2*u. Let b(x) = -x**2 + 4*x - 4. Let i be b(3). Let l(j) = j**3 + j**2 - j. Let t(m) = 3*m**2 - m - 2. Let p(f) = i*l(f) - t(f). What is p(u)?
-13
Let g(r) be the first derivative of -3*r + 1/3*r**3 + 43 - r**2. What is g(-2)?
5
Let m(p) = 2*p**2 + 0*p**2 - p**2 - 7*p**2 + p**3 - 4. Let j = 45 + -31. Suppose -4 = -3*v + j. What is m(v)?
-4
Let k(z) = -9*z - 2*z**2 + 9 + 2*z - 1 - 4. What is k(-6)?
-26
Let y(t) = 3*t**3 + 13*t**2 + 14*t - 1. Let n(j) = 5*j**3 + 20*j**2 + 23*j - 1. Let p(m) = 5*n(m) - 8*y(m). Calculate p(3).
3
Let v be 12/(-66) + 122/66. Let y(o) be the first derivative of o - 6 + v*o**3 + 0*o**2. Calculate y(-1).
6
Let y(d) = d**3 + 6*d**2 + 5*d + 6. Let a(l) = -3*l**3 - 16*l**2 - 14*l - 17. Let c(h) = -3*a(h) - 8*y(h). What is c(-2)?
-9
Let w(c) = 6 + 36*c - 42*c - 3*c**2 + 2*c**2 - 1. Calculate w(-6).
5
Let q = -9 + 3. Let l(n) = n**3 + 6*n**2 + 2. Let j be l(q). Let w be 1 - (2 - j)/(-1). Let y(v) = 4*v**3 - v**2 + 2*v - 1. Calculate y(w).
4
Let i(b) = 8*b**2 + 4*b + 3*b**2 - 12*b**2 + b - 3. Calculate i(4).
1
Let t(o) = -o - 2. Let r(d) = d**2 + 11*d - 8. Let p(j) = r(j) + t(j). Calculate p(-10).
-10
Let b(t) = t**3 - 2*t**2 + 2*t. Let x be (200/(-120))/(11/(-6) + 1). Suppose 2*f - 5*f = -x*h + 10, -5*h + 4*f = -18. What is b(h)?
4
Suppose -2*d = -0*d - 5*t - 11, -3*d = t - 25. Let s(f) = 0*f + 9*f**2 - 26*f**2 + d*f**2 + f. Let c be ((-5)/10)/(2/4). What is s(c)?
-10
Let d(o) = -17*o + 8. Let f(a) = 4*a - 1. Let c(x) = d(x) + 4*f(x). Let y(r) = r**2 - 2*r + 3. Let q be y(3). Give c(q).
-2
Let x(k) be the third derivative of k**9/60480 - k**8/2880 - k**6/120 + k**5/12 + 7*k**2. Let v(g) be the third derivative of x(g). Calculate v(7).
-6
Let f(p) = 9*p**2 + 1116199*p + 2 - 1116199*p. What is f(2)?
38
Suppose -k + 1 + 0 = 0. Let m(b) be the second derivative of 3*b**4/4 + b**3/6 - b**2/2 + 148*b. Determine m(k).
9
Let o be ((-2)/(-15)*-3)/(4/(-15)). Let r(a) be the second derivative of -o*a**2 - 4*a + 1/6*a**3 + 0. Give r(3).
0
Let x be (2/8)/((-7)/28). Let z(h) = -h**2 - 2*h - 1. What is z(x)?
0
Let u = 655 - 648. Let y(a) = -3*a - 9. Let k(f) = -f - 4. Let o(x) = -5*k(x) + 2*y(x). What is o(u)?
-5
Let d(k) = k + 11. Let h = 23 + -44. Let q be 3 - h/(-3 + 0). Let s(u) = u**2 + 6*u + 3. Let j be s(q). Calculate d(j).
6
Let q(p) = 32 + 3*p - 63 + 30. Let z = 5 + -6. Calculate q(z).
-4
Let c(u) be the first derivative of -u**6/360 - u**5/40 - 5*u**